{"id":46,"date":"2025-09-12T00:14:41","date_gmt":"2025-09-12T00:14:41","guid":{"rendered":"https:\/\/usadataserver.com\/webservice\/services\/"},"modified":"2026-02-26T14:42:05","modified_gmt":"2026-02-26T14:42:05","slug":"services","status":"publish","type":"page","link":"https:\/\/usadataserver.com\/webservice\/services\/","title":{"rendered":"Web Service"},"content":{"rendered":"\n\n\n<div>Producimos p\u00e1ginas web, Redise\u00f1os, Tiendas online, Landing pages, Portal, Blog, Cat\u00e1logo, Marketplace,&nbsp;<\/div><div>E-commerce, Sistemas con Bases de datos<\/div><p><\/p>\n\n\n<span style=\"line-height:1.5;\">Somos expertos en posicionar \np\u00e1ginas web en google <br>&nbsp;en los resultados normales.<\/span><p><\/p>\n\n\n<span style=\"line-height:1.5;\">Expanda su negocio entre Brasil y Argentina.\nCreamos web en Portugu\u00e9s y Espa\u00f1ol.<br><br><\/span><p><\/p>\n\n\n\n\n\n\n\n\n\nWEB SERVICE\n\n<p style=\"text-align: center; font-size: large;\">Soluciones de vanguardia para la gesti\u00f3n de proyectos.\n<br>Herramientas para resolver problemas complejos.<\/p>\n\n\n\n\n\n\n\n\n\n\n<p><br><\/p>\n\n\n\n\n\n<p><br><\/p>\n\n\n\n\n\n\n","protected":false},"excerpt":{"rendered":"","protected":false},"author":1,"featured_media":0,"parent":0,"menu_order":0,"comment_status":"closed","ping_status":"closed","template":"","meta":{"pagelayer_contact_templates":[],"_pagelayer_content":"","footnotes":""},"class_list":["post-46","page","type-page","status-publish","hentry"],"_links":{"self":[{"href":"https:\/\/usadataserver.com\/webservice\/wp-json\/wp\/v2\/pages\/46","targetHints":{"allow":["GET"]}}],"collection":[{"href":"https:\/\/usadataserver.com\/webservice\/wp-json\/wp\/v2\/pages"}],"about":[{"href":"https:\/\/usadataserver.com\/webservice\/wp-json\/wp\/v2\/types\/page"}],"author":[{"embeddable":true,"href":"https:\/\/usadataserver.com\/webservice\/wp-json\/wp\/v2\/users\/1"}],"replies":[{"embeddable":true,"href":"https:\/\/usadataserver.com\/webservice\/wp-json\/wp\/v2\/comments?post=46"}],"version-history":[{"count":53,"href":"https:\/\/usadataserver.com\/webservice\/wp-json\/wp\/v2\/pages\/46\/revisions"}],"predecessor-version":[{"id":1423,"href":"https:\/\/usadataserver.com\/webservice\/wp-json\/wp\/v2\/pages\/46\/revisions\/1423"}],"wp:attachment":[{"href":"https:\/\/usadataserver.com\/webservice\/wp-json\/wp\/v2\/media?parent=46"}],"curies":[{"name":"wp","href":"https:\/\/api.w.org\/{rel}","templated":true}]}}